 - (-3 + 7)) + (9 - 11).
-1
What is -17 - (-11 + (-40 - -29))?
5
Evaluate 3 - (0 + -4 + 5 + (-4 - 2)).
8
Calculate 1 + -7 - ((-10 - -10) + (3 - 7)).
-2
What is the value of -52 + 33 + (-7 - -20) - -3?
-3
11 + (-1 - -1) - (-8 - (6 - 41))
-16
Calculate -51 + 19 - -21 - -25.
14
What is -27 - (-36 + -30 + 14)?
25
What is 2 + 0 + (6 - 5) + 3 + 4?
10
Calculate 3 + -1 - 1 - (38 + -24).
-13
Calculate 9 - (25 + -10 - 5).
-1
Calculate -40 - -18 - (-9 + -14 + 14).
-13
-6 - (4 + -5 - -3 - -1)
-9
What is 15 + (18 - (-7 + 22))?
18
Evaluate 1 + (-2 - 6) + -5 + -12 + 34.
10
What is 5 + (3 - 3) + 7 + -38 + 4?
-22
Evaluate 5 + (-8 - (-13 + 7 + 4)) + 3.
2
Calculate 2 + (-45 - -21) - -33.
11
What is the value of -10 + (7 - 16 - -13) - (-8 - 1)?
3
Calculate (-15 - (8 + -19)) + (-11 - -2).
-13
Calculate (-6 - -8) + (-1 - 8).
-7
Calculate -8 - (4 - 6 - 8 - 7).
9
Calculate 30 + 22 + -29 - 29.
-6
Evaluate 24 - (18 - (0 + -6 - -11)).
11
Calculate -81 - 27 - -31 - -44.
-33
What is -26 + (14 - -1 - (-177 + 181))?
-15
Calculate 6 - (-6 - ((4 - -7) + -9)).
14
What is the value of -41 + 19 + 20 + (0 - 7)?
-9
What is the value of -103 + 111 + -1 + -3 + 15 + -2?
17
What is 8 - 35 - (-60 + 37)?
-4
What is 28 + (0 - (54 + -42))?
16
Evaluate -43 + 19 + 18 - (24 - 0).
-30
What is the value of -20 + 21 + -6 - (-45 + 23)?
17
What is the value of -6 - (41 + -34 - (23 - -1))?
11
Calculate -13 + -12 + (10 - 1).
-16
What is the value of -3 + -2 + -8 + 5 + 5 + 3?
0
Evaluate 5 + 2 + 0 + (181 - 191).
-3
(-1 - (-2 - -1) - 11) + (-5 - -2)
-14
Evaluate -24 + 6 + 15 + -12.
-15
(6 - -3) + -17 - (5 - 4)
-9
What is the value of 9 - (17 + (-3 - 13))?
8
Calculate 15 + (1 + -9 - -14) + -8.
13
What is (8 + -12 - (0 + -1)) + -28 + 16?
-15
What is 78 - 96 - (-6 + 2)?
-14
What is the value of 10 - (-2 + -18 + 7 + 42)?
-19
What is the value of (0 - 7) + (32 - 40) + -10?
-25
Calculate -14 + (11 - 16) + 15 - -26.
22
What is the value of (-10 - 0 - -1) + (-62 - -72) - 20?
-19
13 + 5 + (0 - (-5 + 10))
13
What is 51 + -74 - (-7 - (2 - 3) - -2)?
-19
Evaluate -183 + 183 + (-2 - 2) + -2.
-6
What is the value of 85 + -92 + (-1 - -12)?
4
Evaluate (12 - (-11 + -7)) + -4 + -10.
16
What is the value of -1 - (6 - (8 + -6) - 4)?
-1
What is the value of 12 - ((13 - 19) + 24)?
-6
0 + 4 + -4 + -4 - (-10 - -14)
-8
What is 2 + 11 + 0 + -13?
0
What is the value of 4 + 8 + -4 + -229 + 203?
-18
What is the value of 7 + (-9 + 13 - (18 + (2 - 3)))?
-6
Calculate -12 + (15 - 12) + -13.
-22
What is -49 + (16 - 6) + (15 - 5)?
-29
What is -3 - (22 + -23 + 17)?
-19
-9 + (11 - (-10 - -15))
-3
(3 + -4 - (3 + 0)) + 77 + -80
-7
5 - (-13 + 14) - (4 - 3)
3
What is -294 + 333 + (0 - 26)?
13
What is the value of 6 + 9 - (41 - (-20 + 20))?
-26
What is the value of -6 + 3 + (-3 - -4) + 2 - -11?
11
Calculate 20 + -16 + 2 - -7.
13
Calculate 4 - (11 - 14) - 10.
-3
(-9 - -2) + (-12 - -1 - -7) + 26
15
10 + (7 - (18 - 7) - -3 - -9)
18
What is -14 + (12 - -26 - 9)?
15
Calculate 7 - (13 - 31) - -4.
29
Evaluate -24 - (-5 + (-18 + 7 + 17 - 12)).
-13
(-32 - -24) + (13 - -17)
22
Calculate 4 + (15 - 14) + -7.
-2
What is -2 + 15 + 0 + 16 - (2 + 8)?
19
What is the value of 15 + -22 + 8 - (39 + -3 + 2)?
-37
-48 - -64 - (0 - (3 - 2 - -4))
21
What is (1 - 15) + 9 + 10 + 6 + -28?
-17
(-1 - -1) + 4 + 2 + (89 - 96)
-1
Evaluate 127 + -103 + -18 + -2 + 2.
6
Evaluate 10 + -32 + (-15 - -21).
-16
-7 + -5 + 11 + -5 - (2 - 4)
-4
Evaluate 5 - (18 + (-5 - -8) - -17).
-33
What is the value of 1 + 26 + 11 + -22 - 10?
6
What is the value of (-11 - (6 + -12)) + (-2 - 3) - -13?
3
Evaluate (2 - -26) + (328 - 341).
15
38 + -36 + 6 + -3 + 0 + 0
5
What is the value of -4 - (8 - (40 - 60))?
-32
What is the value of 3 + -11 - 3 - (1065 - 1068)?
-8
28 + (-4 - (-11 + 13)) - 0
22
What is -2 + -1 + -1 + (-12 - (-38 - -9))?
13
6 - (8 + 7 + 0) - -1
-8
What is the value of (-8 + 1 - (-9 + 4)) + 8?
6
What is the value of -5 + 11 + (15 - 14) + -9?
-2
What is the value of -12 + 7 + -1 + 21?
15
What is -5 - -13 - -11 - -6?
25
What is (0 - 2 - 0) + (-6 - (-12 + 9))?
-5
Calculate (-4 - -2) + -1 + (0 - (12 + -18)).
3
What is 18 + (7 - (79 - 30))?
-24
What is the value of 1 - -13 - (380 + -342)?
-24
What is -4 - (27 + -1 + (11 - 18) + 2)?
-25
What is the value of -8 - (3 + 9 - 14 - 3)?
-3
Calculate -22 + 29 + (-12 - 1).
-6
What is 8 + (-1 - 1) + 37 + -54 + 9?
-2
What is the value of 1 + 1 + -1 + -204 + 211?
8
What is the value of -17 + 16 + -5 - (7 + 0)?
-13
Calculate (-5 - 1) + (36 - (-15 + 33)).
12
Calculate 102 + -112 + (0 - -13).
3
Evaluate (3 - (-2 - (-3 + 1))) + (81 - 81).
3
What is (-358 - -339) + (-1 - -25)?
5
Calculate (4 - 2) + 2 + -1 + -6 + 6.
3
Calculate (11 - 2) + 3 + -4 - (82 + -80).
6
Calculate -1 - -2 - (7 + (13 - (-9 + 13))).
-15
Evaluate 5 - (2 + 1 + -49 + 54).
-3
What is -498 - -498 - ((6 - 2) + 2)?
-6
Calculate 12 - (18 + 7 + -19).
6
What is the value of 1 + (7 + 6 - 9) - (-2 - 2)?
9
What is -1 - ((38 - (-5 + 13)) + (-19 - -10))?
-22
What is -31 + 36 + (19 - (-3 + 0 - -5))?
22
What is (-12 - -5) + -5 + 5 + 17?
10
-6 + (0 + -3 - 10 - -2) + 6
-11
Calculate -3 - (11 - (13 - -10)) - 20.
-11
What is the value of -8 - (0 - ((0 - -5) + (-26 - -23)))?
-6
Calculate 18 + (25 - (9 - -31)).
3
What is the value of -19 + (-6 - -11) - -18?
4
Evaluate (17 - 3) + -4 + -19.
-9
What is the value of -30 + 9 + 30 - -16?
25
Evaluate -8 - ((-23 - (-2 + 5)) + -9 - -2).
25
Calculate (-15 - 2) + (14 - (14 + -9)) + -13.
-21
What is the value of 30 + (-9 - 13) + (-6 - 1)?
1
Calculate 2 - (0 + -1) - (-16 + (44 - 21)).
-4
Evaluate 37 + (-82 - -15) - (-5 + 0).
-25
2 + 11 + 4 + -14 + -12
-9
2 - -5 - (13 - (-1 - 1))
-8
Evaluate 5 - 1 - (20 + -2 + 2 - 13).
-3
What is -21 - -31 - (2 + -4)?
12
What is the value of 383 + -381 - ((2 - (0 - 0)) + 3)?
-3
What is 1 + 14 + (-4 - (-4 + (3 - -2)))?
10
What is the value of -4 + (-12 + 8 - (-1 + -1)) - -3?
-3
What is 1 - 20 - (-662 + 665)?
-22
Evaluate -4 - ((7 - 41) + 5).
25
Evaluate 15 - (12 - (11 + -9 + 11)).
16
1 + 2 + (12 - 2)
13
Evaluate 1 + -2 + -9 + 3 + (0 - -14).
7
Evaluate ((3 + 1 - 12) + -4 - -5) + 6.
-1
Calculate 2 + 8 + -3 + 4 + 0.
11
(5 - 8) + -34 + 7 + -2
-32
Calculate 5 - (6 - (-6 - -13)).
6
-63 + 68 + (-1 - (-6 + (-11 - -6)))
15
Calculate 10 - (48 + -30) - (2 + -33 + 2).
21
What is 42 + -27 + 14 - 44?
-15
What is the value of -8 - 0 - (-2 + 2)?
-8
What is the value of 19 + 12 + -15 - 23?
-7
What is -12 + 3 + 12 - -1?
4
7 - (-13 + (17 - 8)) - 29
-18
1 - (13 + (-17 - -32))
-27
Evaluate -2 - -17 - ((-111 - -101) + (14 - 2)).
13
17185 - 17202 - (0 - (0 + 1))
-16
5 + 6 + 0 + -5
6
Evaluate 4 - ((-9 - -15) + -1 - 1).
0
What is -5 - (-15 - -3 - (-12 + 5))?
0
1 - ((-1 + 2 - -9) + -3)
-6
Evaluate -448 - -450 - (-1 + (27 - 0)).
-24
Evaluate 7 + -21 + (-60 - -73).
-1
10 - (16 + (-10 - 0))
4
-11 + 28 - (-4 + 15)
6
Calculate 16 + (-11 - 3) + 4.
6
Calculate 3 + 31 + -40 + 19.
13
Evaluate (-38 - (27 + -81)) + (11 - -2).
29
What is the value of (-5 - (5 - (13 + 11))) + 9?
23
What is -18 + (9 - (0 - 1))?
-8
What is the value of -19 - (-17 + (7 - 2) + (-18 - -26))?
-15
Evaluate 41 - (-38 - (-104 - -40)).
15
Evaluate (-6 - (1 + 2 + -4)) + -84 + 89.
0
-2 - 5 - (-261 - -231)
23
What is the value of -9 + 0 + 3 + 40 + -22?
12
Calculate (-9 - -1) + -1 + 3 + -6.
-12
Evaluate 2 + (-4 - 33) + 22.
-13
What is the value of -11 + (0 + -4 - (5 - 8 - 4))?
-8
Evaluate -12 - (-13 + (51 + -3 - 13)).
-34
12 - (-2 - (2 - 12)) - 23
-19
What is the value of -46 + 65 - (-26 + 4 + 6)?
35
(-16 - (-50 + 22)) + (4 - -4)
20
What is (35 - 23) + -51 - -10?
-29
Evaluate 7 - (30 + -4 - -2 - -2 - 4).
-19
Calculate 5 + (5 - -1) + -5 - (-17 + 36).
-13
What is the value of -7 + 0 + 4 + -1?
-4
Evaluate 15 - 3 - (6 + -4).
10
3 + 4 + -7 + (-2 - (-3 + -1))
2
Calculate -427 - -435 - (0 - -1 - 15) - -4.
26
Calculate -8 + (-3 - -11) + (8 - -2).
10
Calculate (0 - 0) + -15 + 10 + 24 - 6.
13
What is -1133 - -1075 - (-2 - 15)?
-41
-20 + (28 - (-45 + 29))
24
What is the value of -5 + 14 + -9 + -2 - -6?
4
Calculate 4 + -1 + (0 - 7) + -94 + 80.
-18
Calculate 1 - (-7 + -2 + 2) - 9.
-1
5 + 10 + -4 - (-3 + (17 - 3))
0
What is the value of 8 + 3 + (11 - 20) + -6?
-4
What is the value of 64 + -73 - (2 - 1 - (3 + 2))?
-5
What is -6 + 0 + (-7 - (9 - 15)) + 7?
0
-1 + (-2 - -13) - (-1974 + 1991)
-7
Evaluate 16 + -15 + (-1 - -2 